- 41. Is t(2) a composite number?
False
Suppose 128436 = t + 5*i, 5*t - 3*i - 642320 = -0*i. Is t a composite number?
False
Suppose 105 = -20*r + 165. Is 50729/r + 1 + 35/(-21) a prime number?
False
Let s = -2 - -4. Suppose v + s*h = -0*h + 967, -5*h = 4*v - 3868. Suppose 3*f - v = -2*l, 5*f - 25 = 5*l - 2455. Is l composite?
True
Is 4*(-3)/16 - (-786)/(-24)*-797 a composite number?
True
Let g(w) be the second derivative of w**5/20 - w**4/3 + 5*w**3/6 - 4*w**2 - 18*w - 1. Is g(6) a composite number?
True
Let o be 12358/7 - (-208)/364. Suppose 0 = -4*a - 12, -o - 1661 = -2*z + 5*a. Is z a prime number?
False
Suppose a = 2*m - 29, 5*a = m - 24 - 76. Let z(w) = -w - 11. Let d be z(a). Suppose d*b + 6*b - 19726 = 0. Is b a composite number?
False
Let h = -121198 - -696178. Is (-2)/(-19) - h/(-703) composite?
True
Suppose 183*a - 42528036 = -3986681 + 53044472. Is a composite?
True
Let w(m) = 5*m**3 + 27*m**2 - 99*m + 550. Is w(23) a prime number?
False
Let p be -3*(4 - (16 - 4)). Is 3795 - 6/18*p a prime number?
False
Let o = -641 + 2122. Is o prime?
True
Let m(n) = -2*n**3 - 53*n**2 + 34*n - 907. Is m(-48) a prime number?
False
Suppose 39567 + 292732 = 17*k. Is k a composite number?
True
Let p(v) = 5*v**2 + 12*v + 12. Let c be p(-6). Suppose -5*l = -7*l + c. Let d = l - 21. Is d a composite number?
True
Let h(w) = -14378*w - 3958. Is h(-18) prime?
False
Let n = -4 - -6. Suppose -3*y + 2*q = -7, -5*q = -3*q - n. Suppose -4*i - 3*a = -7025, 7*a - y*a - 8781 = -5*i. Is i composite?
True
Is ((-91 - -85) + (-86)/(-12))*725862 a prime number?
False
Suppose -74*y = -69*y - 115. Suppose -y*l = -272656 - 83821. Is l prime?
False
Let l be (19287/27)/((-2)/(-36)). Suppose -5*g - 4*q = -12851, -4*q + q - l = -5*g. Is g prime?
False
Suppose 10*r = 12*r + 4*i - 64, -3*i + 33 = r. Let y(o) = 119*o - 81. Is y(r) prime?
False
Let n(o) = -o**3 + 7*o**2 + 8*o + 4. Let m be n(8). Suppose -m*f + 14 + 2 = 0. Suppose t - 2*y - 26 = 79, -3*t - f*y + 355 = 0. Is t composite?
False
Let g(k) be the second derivative of 5*k**3/6 - 11*k**2/2 + k. Suppose 189*h - 1841 = 1561. Is g(h) a composite number?
False
Suppose 25 = 5*b - 5*j, 4*b + 0*b + 2*j = 26. Suppose 0 = -3*f + 12, -2*p + 0*p + 3*f - b = 0. Suppose -p*t + 669 = -0*t. Is t composite?
False
Let g(d) = 7*d - 17*d - 31 + 6*d + 226*d**2. Is g(-6) a prime number?
False
Suppose -5*h = 15, -24177 = 5*k + h - 79624. Is (-31)/(-62) + k/4 prime?
False
Let v(q) be the third derivative of 413*q**6/360 + q**5/40 - 11*q**4/24 - 17*q**2. Let d(x) be the second derivative of v(x). Is d(1) prime?
True
Let a = 67716 + -10991. Let f = 98370 - a. Is f a composite number?
True
Suppose 0 = -3*r + 2*z + 4555, -2*z = -4*r - 3*z + 6088. Let q = 2234 - r. Is q a composite number?
True
Suppose -4*g - 18 = -7*g. Let h(f) = -143*f - 18. Let s be h(g). Let i = 1463 + s. Is i a prime number?
True
Let i be (4/(-3))/(7 - (-53888)/(-7698)). Suppose -3*l - i = -7*l. Is l a prime number?
True
Suppose 4*n + 52 = 4*j, 15 = -n + 2*j + j. Let y(r) = -r**3 + 5*r**2 - 12*r - 19. Let w be y(n). Let l = w + 678. Is l prime?
True
Suppose 0 = -43*y + 30*y + 37388. Suppose -y = -152*q + 148*q. Is q prime?
True
Let r(u) = -7*u**3 - 48*u**2 - 309*u - 103. Is r(-27) composite?
False
Let d(f) = -200*f**3 - 14*f**2 - 5*f + 122. Is d(-11) prime?
False
Suppose 0 = -198*m + 10912123 + 27426815. Is m a prime number?
False
Suppose 4*r + 105 = 5*m, r - 17 = 5*m - 107. Suppose 10536 = m*x - 5*x. Is x prime?
False
Let p(n) = 94*n**2 + 3*n - 11. Suppose -3*u + 2*h = -3*h - 6, 6 = 3*u + 5*h. Suppose -5*q + z = -12, -10 = 4*z - u. Is p(q) prime?
False
Let a = 994 + -985. Suppose b = 3*m - 26411, 0 = -a*m + 8*m - 2*b + 8799. Is m composite?
False
Let x(d) = -4*d - 3. Let c be x(-2). Let a be 10/4*2952/30. Suppose -w + m + 754 = 2*w, -c*m + a = w. Is w a composite number?
False
Let i(o) = 92*o**2 + 10*o - 419. Is i(-34) composite?
True
Let d = -6 - -9. Is (-272909)/(-21) + -7 - (-1)/d composite?
True
Suppose 54 = -15*w + 21*w. Suppose w*p - 71041 - 12596 = 0. Is p a composite number?
False
Let k(n) be the second derivative of 1/20*n**5 - 2/3*n**4 + n - n**3 - 13/2*n**2 + 0. Is k(10) prime?
True
Suppose 30 = -88*u + 93*u. Is 2746/u - (140/(-21))/(-10) a composite number?
False
Suppose j + 26*c - 29*c = 70, 5*c = -2*j + 162. Suppose 2*a - 5*k - 16 = 0, 0 = a - 3*k - k - 11. Let h = j + a. Is h a composite number?
False
Let i = 13958 + -25254. Let a = -6749 - i. Is a prime?
True
Let k(u) = -u**2 + 15*u - 17. Let d be k(13). Let f(y) = 1389*y + 38. Is f(d) composite?
False
Suppose -5*c + 2*c - 4 = -2*q, -3*q + 7 = -4*c. Suppose -3*k + 5*d + 578 = -0*d, 5*k = c*d + 957. Is k composite?
False
Let o = -7 - -5. Let x be 890*-6*o/10. Is 1/(4/x*3) composite?
False
Suppose -1685708 - 2275757 - 4106923 = -76*y. Is y composite?
False
Let i be (246/(-7))/((48/84)/(-4)). Suppose -262 = -2*s + 2*a, -3*s + 5*s + 2*a - i = 0. Is s a composite number?
False
Suppose -3*k = 12, -6*s + k + 28999 = -3*s. Let v = -1764 + s. Is v composite?
False
Let w(v) = 81*v**2 - 7*v - 5. Let h(q) = q**2 + q - 1. Let y(d) = 79*d**2 - 9*d - 4. Let u(f) = -h(f) - y(f). Let z(k) = 6*u(k) + 7*w(k). Is z(-3) composite?
True
Let t = 336405 + 56566. Is t composite?
True
Let h(d) = 26*d**2 + 65*d + 2099. Is h(-52) a composite number?
True
Let p be (100/8 + 0)*(0 + 2). Suppose 0 = p*l - 30*l. Suppose -5*h - 4*c + 1783 = l, h + c - 361 = -2*c. Is h a prime number?
False
Is (-2)/2 + (-74214)/(-7) a prime number?
True
Suppose -n = -4*y + 1623, -5*y + 0*y = 5*n - 2035. Let f = y + -275. Suppose -f + 43 = -4*t. Is t a composite number?
True
Suppose 4*f - 120281 = -1196*u + 1195*u, -5*u = 3*f - 601456. Is u composite?
False
Let k(h) = -h**2 + 11*h - 8. Let w be k(10). Suppose -3*f + w*f - 2*o + 341 = 0, -5*o = 0. Is f a composite number?
True
Let r(x) = -237*x**2 - x - 9. Let l(y) = -238*y**2 - 9. Let b(u) = 6*l(u) - 7*r(u). Is b(-2) a composite number?
False
Suppose 30*u - 27*u - 72 = -5*w, -2*u + 28 = 2*w. Is 13 - w - (-11742 + 2) a composite number?
True
Suppose -159*r = 80*r - 17859303 - 11287942. Is r a composite number?
True
Suppose -741734 = 57*b - 71*b. Is b a composite number?
False
Is 300/18 + -16 + -2 + 160939/3 prime?
False
Let h(q) be the first derivative of -298*q**2 - 7*q + 2. Let v(c) = -c**2 - 15*c - 39. Let b be v(-12). Is h(b) a composite number?
True
Suppose 15*f - 54*f + 576015 = -24*f. Is f a composite number?
True
Let v(a) = 2*a**3 + 13*a**2 - 8*a - 7. Let t be v(-7). Suppose t = -56*x + 25*x + 2077. Is x composite?
False
Suppose 34*u = 59*u + 375. Is ((-90)/(-54))/(u/(-295551)) composite?
False
Let q be 46/(3626/(-906) + 4). Let y be 2 - q/21 - (-8)/(-28). Suppose 2*w = 4*p - 1998, 0*p - 4*w + y = 2*p. Is p prime?
True
Suppose 2*l + 1054966 = 4*h, 2*h + 2*l - 32377 = 495103. Is h a prime number?
False
Suppose 0 = 16*n + n - 68. Suppose 2*q - q = 1, 2*q - 16998 = -n*w. Is w a prime number?
False
Suppose 23 = -5*o + 8, -4*t - 5388 = 4*o. Let x = t + 13147. Suppose -12*j + x = -j. Is j a prime number?
False
Let s(x) = -21 - x + 8*x - 6*x + 22 - 5*x**2 - 9*x**3. Let f(v) = -v**3 - 4*v**2 + 6*v + 1. Let u be f(-5). Is s(u) composite?
True
Suppose 2*u + 2*h - 14 = 0, -u + 5*u + h = 16. Suppose 0 = 2*z + 3*d + 8, -u*z - 2*d = 2. Is (4 + (-45)/z)/((-1)/2) prime?
True
Suppose 0 = -5*p + 3*w + 24263 + 31811, -44864 = -4*p + 4*w. Is p a prime number?
True
Is ((-4)/(-34) - 396/187)/((-4)/92798) a prime number?
True
Suppose 40*h = 32*h + 221048. Let d = 39366 - h. Is d prime?
False
Let g be 1 + 0*(-7)/28. Is (9663/(-45)*3)/(g/(-5)) prime?
True
Let n(j) = j**3 - 6*j**2 + j - 4. Let x be n(6). Suppose 3*k + x = 4*k. Suppose -g = k*u - 7*u - 43, 5*g + 2*u - 269 = 0. Is g prime?
True
Suppose -2*u = 5*b - 25949, -9*u = 22 + 5. Is b a prime number?
False
Let h = 943508 + -447199. Is h prime?
False
Suppose -169643 = -11*v + 282721. Suppose -113*l + 101*l + v = 0. Is l prime?
False
Let j(t) = t**3 - 8*t**2 + 2*t - 9. Let w be j(8). Suppose -2*d - 14315 = -w*d. Suppose 10*n - 3*n = d. Is n composite?
False
Let w(a) = 80*a - 16. Let c be w(19). Suppose 3*i = 5*q - 7508, -2*q + 3*q - 3*i = c. Is q prime?
False
Suppose 2*r - 7810 = 3*o, -24307 = -5*r - 2*o - 4782. Suppose -q + n = -n + r, 4*q = -3*n - 15675. Let j = 6526 + q. 